2?
-2
In base 10, what is 26 - -13?
39
In base 16, what is 1 + 1940?
1941
In base 14, what is -69 + 13?
-56
In base 14, what is 7 + -1d?
-16
In base 12, what is -6b3 - 8?
-6bb
In base 3, what is -222 + -222?
-1221
In base 15, what is -35 + 1?
-34
In base 11, what is -1774 - 2?
-1776
In base 7, what is -44 - 10?
-54
In base 6, what is 0 - -545?
545
In base 15, what is b + -2?
9
In base 9, what is -583 - 1?
-584
In base 2, what is 1101 - 1?
1100
In base 2, what is -1 - 10010000?
-10010001
In base 13, what is 7 + 9c?
a6
In base 12, what is -4 - -440?
438
In base 5, what is -3132 - 1?
-3133
In base 4, what is 11 + -333?
-322
In base 14, what is -155a - -4?
-1556
In base 15, what is 9 - 7?
2
In base 12, what is -7 + 99?
92
In base 7, what is -5 + 23?
15
In base 6, what is -3 - -5?
2
In base 11, what is -469 - 4?
-472
In base 15, what is -4 - 12?
-16
In base 9, what is -1216 - 2?
-1218
In base 14, what is -10 - 6?
-16
In base 16, what is -a5b0 - -5?
-a5ab
In base 8, what is -100 - -15?
-63
In base 9, what is 3 - 22?
-18
In base 7, what is 100 + -20?
50
In base 11, what is 64 - -9?
72
In base 2, what is -10111111000 + 100?
-10111110100
In base 3, what is 102211 - -10?
102221
In base 11, what is 0 + -55?
-55
In base 11, what is -21 - 23?
-44
In base 6, what is 20 + 3142?
3202
In base 16, what is -3e + 21?
-1d
In base 7, what is 116 - -5?
124
In base 5, what is -3 + 22243?
22240
In base 4, what is -2012 - -21?
-1331
In base 12, what is 1 + 1207?
1208
In base 9, what is -6 + -3305?
-3312
In base 8, what is 21 - 11?
10
In base 6, what is 13543 - -2?
13545
In base 11, what is 539 + 1?
53a
In base 14, what is 9c - -5?
a3
In base 13, what is -12 - 13?
-25
In base 11, what is 14 + 10?
24
In base 10, what is 1052 - 20?
1032
In base 14, what is 29 + -3?
26
In base 2, what is 110100001 - 1110?
110010011
In base 14, what is 11 - -10c?
11d
In base 16, what is -eb + -14?
-ff
In base 13, what is -7 - 17?
-21
In base 4, what is 3020 - 130?
2230
In base 12, what is 0 - a5?
-a5
In base 8, what is 5 - -23?
30
In base 4, what is -1020 - 120?
-1200
In base 12, what is -3 - 41?
-44
In base 5, what is -233 + -302?
-1040
In base 16, what is -1f - -1?
-1e
In base 8, what is -30 - 2?
-32
In base 7, what is -2353 - -3?
-2350
In base 3, what is -221 - 1012?
-2010
In base 6, what is 24 + 251?
315
In base 5, what is -10 + 320?
310
In base 15, what is 47 - 0?
47
In base 2, what is 1010001111 + -11?
1010001100
In base 3, what is 22122 - -1210?
101102
In base 9, what is -5 + 61?
55
In base 3, what is 10 - -1211?
1221
In base 7, what is -210 + -22?
-232
In base 10, what is -26 - 40?
-66
In base 7, what is -4551 - 2?
-4553
In base 2, what is -100110 + -110001?
-1010111
In base 8, what is 4 + -4404?
-4400
In base 2, what is -110 + -11100100111?
-11100101101
In base 13, what is 1b - -85?
a3
In base 9, what is -174 - 1?
-175
In base 15, what is 15 - -11b?
131
In base 7, what is -4200 + 4?
-4163
In base 11, what is 275 + -5?
270
In base 6, what is 11530 + -1?
11525
In base 2, what is 111100010 - -1100?
111101110
In base 14, what is -8 + 3?
-5
In base 6, what is 0 - -1340?
1340
In base 15, what is 39ca + -5?
39c5
In base 11, what is -15 - a80?
-a95
In base 3, what is 210221 + 10?
211001
In base 12, what is 9a - -5?
a3
In base 2, what is -111110010101 - 0?
-111110010101
In base 9, what is -1 - 56?
-57
In base 13, what is -81 + -5?
-86
In base 12, what is 37 + -9?
2a
In base 13, what is -15 - 471?
-486
In base 12, what is 47 + 5?
50
In base 12, what is 4 + 921?
925
In base 16, what is 3 - -e?
11
In base 16, what is -5c9 - 1?
-5ca
In base 14, what is 3a + -db?
-a1
In base 15, what is -69a + -1?
-69b
In base 6, what is -15 + -120?
-135
In base 15, what is -1dd - 2?
-1e0
In base 2, what is -1100101100 - -100?
-1100101000
In base 16, what is 3 - -329?
32c
In base 7, what is -4 + -136?
-143
In base 13, what is 2 - 452?
-450
In base 13, what is -5 + 34?
2c
In base 6, what is -10 + -1211?
-1221
In base 5, what is 2 + -404?
-402
In base 11, what is 238 + -1?
237
In base 16, what is 2 + 816?
818
In base 4, what is -10 - -123?
113
In base 10, what is -1 - 148?
-149
In base 9, what is 45 - 1016?
-861
In base 12, what is 25 + 6?
2b
In base 12, what is b + -10?
-1
In base 5, what is -33140 + -3?
-33143
In base 9, what is -1676 + 32?
-1644
In base 16, what is c - 1f?
-13
In base 8, what is 15440 - 5?
15433
In base 4, what is -213 - 301?
-1120
In base 2, what is 1010011100111 + 11?
1010011101010
In base 11, what is 136 + -7?
12a
In base 10, what is -7 - 426?
-433
In base 10, what is -1053 + 1?
-1052
In base 11, what is -168 - -1?
-167
In base 9, what is -5 - -1285?
1280
In base 15, what is 2 + -614?
-612
In base 6, what is 3 + 313?
320
In base 16, what is -1658 - 0?
-1658
In base 3, what is -210012 - -201?
-202111
In base 16, what is -32 - -5?
-2d
In base 8, what is 1 - -1303?
1304
In base 16, what is -504e + 4?
-504a
In base 11, what is -1 + 251a?
2519
In base 2, what is 10000100011 - 100?
10000011111
In base 7, what is -1445 + 5?
-1440
In base 12, what is -254 - 6?
-25a
In base 5, what is -240 + 24?
-211
In base 7, what is 1 - 144?
-143
In base 15, what is -5 - -31a?
315
In base 4, what is -10 + -1111303?
-1111313
In base 15, what is 14 + 44c?
461
In base 7, what is 2 + -1?
1
In base 14, what is 4 + 1aa3?
1aa7
In base 12, what is -26 + -33?
-59
In base 7, what is -504 - 61?
-565
In base 6, what is 2023 + 1?
2024
In base 6, what is -34 - 12?
-50
In base 6, what is 10533 - -2?
10535
In base 16, what is 2fd + -2?
2fb
In base 5, what is -42 - 4?
-101
In base 15, what is -1 + -d9?
-da
In base 13, what is -1 + 60?
5c
In base 11, what is -230 - -3?
-228
In base 4, what is -111103 + 3?
-111100
In base 2, what is -10 + 1011001?
1010111
In base 9, what is 831 - -3?
834
In base 11, what is -375 + 5?
-370
In base 11, what is -6 - -a7?
a1
In base 12, what is -3215 + 0?
-3215
In base 11, what is 5 - -258?
262
In base 3, what is -1111 - -1002?
-102
In base 8, what is -47445 - -3?
-47442
In base 10, what is -6488 - -3?
-6485
In base 5, what is 110 + -2?
103
In base 16, what is -3 - -a?
7
In base 7, what is 0 + -42?
-42
In base 15, what is 1 - 2b81?
-2b80
In base 16, what is 37b + 7?
382
In base 13, what is 27a + -2?
278
In base 9, what is -4 - -128?
124
In base 3, what is 2022 - 10?
2012
In base 14, what is 29 + 5?
30
In base 14, what is -dda + -3?
-ddd
In base 3, what is -10211122 - 10?
-10211202
In base 8, what is -2522 + -4?
-2526
In base 15, what is 0 - -6b?
6b
In base 3, what is -10011 + -2?
-10020
In base 5, what is 4 - 2140?
-2131
In base 5, what is -3 - 2301?
-2304
In base 13, what is -3 + -70?
-73
In base 3, what is -12 - 111210?
-111222
In base 15, what is 3 - 135?
-132
In base 11, what is -88 + -a?
-97
In base 8, what is -31004 - 4?
-31010
In base 11, what is -5a - 0?
-5a
In base 2, what is 10 - -101010110?
101011000
In base 11, what is -31 - -539?
508
In base 3, what is 2010 - 11?
1222
In base 9, what is 130 - 7?
122
In base 4, what is 1323 + 33?
2022
In base 4, what is 3 + 1102?
1111
In base 16, what is -5 - -366?
361
In base 13, what is -58 + 5?
-53
In base 14, what is -11bd + -5?
-11c4
In base 13, what is -272 + 5?
-26a
In base 9, what is 14 - -1?
15
In base 5, what is -13 - -1?
-12
In base 2, what is -1011111 + -1?
-1100000
In base 6, what is -44 + -12?
-100
In base 2, what is -110 + 100010111?
100010001
In base 12, what is -240 - 1?
-241
In base 9, what is 4 + -888?
-884
In base 6, what is 2 + -552?
-550
In base 13, what is -4 + 20?
19
In base 11, what is 4 - 1?
3
In base 8, what is -57 + -51?
-130
In base 12, what is 1 - 49?
-48
In base 2, what is -11 + -1000000100?
-1000000111
In base 14, what is 7c - 11?
6b
In base 4, what is -112330 - -3?
-112321
In base 4, what is 2 + -330222?
-330220
In base 8, what is -3 + -161?
-164
In base 10, what is 31 + -9?
22
In base 11, what is 1 - 149?
-148
In base 3, what is -101102102 - 1?
-101102110
In base 15, what is 0 - 13?
-13
In base 7, what is -20000 - 3?
-20003
In base 11, what is -6 - -9?
3
In base 13, what is -218 - 2?
-21a
In base 12, what is 14 - 1?
13
In base 12, what is -a6 - 1?
-a7
In base 10, what is -733 - 0?
-733
In base 7, what is -4 + 15?
11
In base 15, what is -43b - 1?
-43c
In base 7, what is 365 + 2?
400
In base 12, what is 2771 - -3?
2774
In